2*k - 7 = -h - 4, -3*h - k = -16. Let x(m) = m**3 - 6*m**2 + 6*m + 1. What is the units digit of x(h)?
6
What is the units digit of -4*1*(3 + -4)?
4
Let x be 1*2 + -1 + 3. Suppose -2*u - x = -4*s, -17 + 4 = -3*s - u. What is the units digit of s?
3
Let m(q) = -q**3 + q**2 + q + 4. Let t be 2/5 - 4/10. Let c be m(t). Suppose 3*v - 8 - c = 0. What is the units digit of v?
4
Let w(k) = k**3 + 4*k**2 - k + 3. Let p be w(-4). What is the units digit of 3/(p/4 - 1)?
4
Let z(c) = -c. Let q be z(-3). Suppose q*g = -0*g + 21. What is the units digit of g?
7
Let b be 5/(-20) + (-17)/(-4). Suppose 6*l - b = 2*l. What is the units digit of 22*l/2 + 2?
3
Suppose 5*m - 123 - 17 = 0. What is the tens digit of m?
2
Let y = 251 + 10. What is the tens digit of y?
6
Let j(x) = -x**3 - x**2 + 6. Let r(h) = -h**2 + 1. Let n be r(-1). Let i = n + 0. What is the units digit of j(i)?
6
What is the units digit of (-2 + 1 - 1 - -1) + 74?
3
Let q(l) = -3*l**2 - 3*l + 1. Let o(u) = 4*u + 5*u**2 - u - 2*u**2 + 0*u**2. Let f(r) = 3*o(r) + 2*q(r). What is the units digit of f(-2)?
8
Let f = 17 + -53. Let r = -22 - f. What is the tens digit of r?
1
Let l = 7 - 4. Suppose -l*p + 16 = p. What is the units digit of p?
4
Suppose 40 = 2*t - 0*t. Suppose u - 62 + t = 0. What is the units digit of u?
2
Suppose -5*s + 11 = 2*y - 330, -5*y = 4*s - 266. Let j = s + -31. What is the units digit of j?
8
Suppose -l = -2*l - 4*h + 14, 0 = -3*l + 2*h. Suppose 3*j - 5*w = j + 22, 2*j = l*w + 28. What is the tens digit of j?
1
Suppose -2*p = 3*g - 416, g - 688 = -4*g + 2*p. What is the hundreds digit of g?
1
Suppose 2*t + 6 = 3*t. Let c = t + -2. What is the units digit of c?
4
Let n be (-4)/((-16)/(-14))*-2. Let q be n*(6/7 + 0). Suppose -5*f = q - 16. What is the units digit of f?
2
Let j(q) = -2*q**3 + q**2 + q. What is the units digit of j(-2)?
8
Suppose -4*l = -0*l. Suppose -3*u = 2*k - 88, -3*u + l*u + k + 91 = 0. What is the units digit of u?
0
Suppose -3*g + 11 = 3*x - 2*g, 6 = 3*g. Suppose -x*k + 19 = -3*p - 5, 11 = 2*k - p. What is the units digit of k?
3
Suppose w - t + 5 = 0, 2*w = 5*w - 4*t + 14. Let n be w/(-4)*(-16)/(-12). Suppose 45 = -n*d + 7*d. What is the units digit of d?
9
Suppose 0 = 4*x - 6 - 2. Let n be 1*13 - (0 - -1). Suppose -4*d - 4*i + n = 0, -x*d + 4*i + 34 = -i. What is the units digit of d?
7
Let i(b) = -2*b**2 - 18*b + 5. What is the units digit of i(-9)?
5
Suppose 0 = 2*q + 5*m - 175, 2*q - 224 + 56 = 2*m. What is the units digit of q?
5
Let v be 18/(-24) - (-194)/(-8). Let f = v - -18. Let u = f + 20. What is the units digit of u?
3
Suppose -2*u - 30 = -4*u. Suppose -3 = 4*j - 83. Suppose -5*n + u + j = 0. What is the units digit of n?
7
Let i = 17 - 11. What is the tens digit of (-42)/(-4) - i/(-4)?
1
Let q(x) = x**3 - x**2 + x - 1. Let m(d) = -d**3 - 5*d + 5. Let w(s) = -m(s) - 2*q(s). Let u be w(2). Suppose -u*f - 5 = -8*f. What is the units digit of f?
1
Let k(v) be the first derivative of v**2 - 3*v + 1. Let n be k(2). What is the units digit of n*2*49/14?
7
Suppose -x + 4*x = -36. Suppose 5*n + n = -12. Let a = n - x. What is the tens digit of a?
1
Suppose 3*h = -b - b + 459, h = 3*b + 153. What is the units digit of h?
3
Let s = 16 - -1. Let a = s + -7. What is the units digit of a?
0
Let j(f) = -f + 5. Let c(p) = -3*p + 11. Let d(m) = 3*c(m) - 7*j(m). Let q be d(-3). Suppose q*a + 5*l + 0 - 36 = 0, 0 = -3*l. What is the units digit of a?
9
Suppose 0*t - 11 = -t. Suppose -3*y = -2*y - t. What is the units digit of y?
1
Suppose 0 = -v + 4*j - 14, -2*v - 16 = -0*v - 4*j. Let d be (-50)/3*(-5 - v). Suppose -3*g = 2*g - d. What is the units digit of g?
0
Suppose 2*z = b + 50, 96 = b - 3*b + 3*z. What is the units digit of -5 + 3/1 - b?
0
Let j(v) = v**2 + 3*v. What is the tens digit of j(3)?
1
Let o(r) = -r**2 + 14*r + 13. Let m be o(15). What is the units digit of (-4 - m)*76/(-8)?
9
Let h(w) = w**2 + 5*w - 5. Let t be h(-6). Let x(m) = 6*m**2 - t - 5*m**2 + 0*m**2 - 3*m**3. What is the units digit of x(-1)?
3
Suppose 2*v - 9 = 31. What is the tens digit of v?
2
Let l(z) = -z**3 + z**2 - z + 1. Let h be (-4)/(-1) + (-1)/(-1). Suppose 4*y + 8 = -5*j, 4*j + j - 10 = h*y. What is the units digit of l(j)?
1
Suppose -2*l - 87 = -s, -2*l - l = 2*s + 134. Suppose 3*a + 3*g - 2 = 4*g, -4*a - 5*g + 9 = 0. What is the units digit of a/(-4)*2*l?
2
Suppose -312 = 64*v - 67*v. What is the units digit of v?
4
Suppose 0 = 13*q - 4*q - 9. What is the units digit of q?
1
Let k be (-27)/(-6) + 2/(-4). Let p be 6/k + 3/6. Let n = -1 + p. What is the units digit of n?
1
What is the units digit of 3/(-6)*2 + -1 + 41?
9
Let i = -4 + 4. Let c(g) = g**3 + g**2 + g + 3. What is the units digit of c(i)?
3
Let j(m) = m + 1. Let z = -5 + 13. Let r = z - 2. What is the units digit of j(r)?
7
Let a(b) = -6*b + b**2 - 1 - 4 - 2. Let m be a(7). Suppose m*i + 6 = i. What is the units digit of i?
6
Let w = -15 + 23. What is the units digit of ((-12)/w)/((-3)/2)?
1
Let k = 5 - 3. Suppose 0 = 5*b - k*i - 60, -3*i - 2 = -3*b + 34. What is the tens digit of b?
1
Let z(w) = w**2 + 2*w - 2. Let o be z(-2). Let g(r) = -11*r + 7 - 2 - 8. What is the units digit of g(o)?
9
Suppose 0 = -0*h + 5*h - 120. Let i = h + -10. What is the tens digit of i?
1
Let r = 3 - -1. Suppose r*p = 3*g - 26, -5*p = -2*g - 0*p + 22. What is the units digit of g?
6
Let m(r) = -5*r**2 + 2*r + 12. Let w(b) = 2*b**2 - b - 4. Let o(q) = 3*m(q) + 8*w(q). What is the units digit of o(3)?
7
Suppose -20*a + 25*a = 770. What is the units digit of a?
4
Let a(p) = -5*p**3 - p**2 + p + 1. Let y be 4/(-3)*9/(-6). Suppose -3*n - 4*v + 13 = 0, 3*n + v = y*v - 7. What is the units digit of a(n)?
4
Suppose -5*x + 187 = -38. What is the units digit of x?
5
Let g = -8 + 1. Let v be (g/4)/(2/(-8)). Suppose -13 = -u - l, -5*u + 3*l + 32 = v. What is the units digit of u?
8
Let d(o) = o**2 + o - 2. Let t be d(-2). What is the units digit of t - (-3)/(3/10)?
0
Suppose -2*t - t - 12 = 0. Let f be (-8)/t - 2*1. Let o = 3 - f. What is the units digit of o?
3
Suppose -5*u - 2*y + 247 = 0, -u + 5*y = 3*u - 191. What is the units digit of u?
9
Suppose m + 12 = 4*m. Suppose y - 131 = -m*n, -n - y - y = -24. What is the units digit of n?
4
Let w = -430 - -676. What is the hundreds digit of w?
2
Let g be ((-4)/10)/(4/(-20)). Suppose 0 = -g*b - 10 + 94. What is the tens digit of b?
4
Suppose 11 = -3*m + 80. Let t = m - 9. What is the units digit of t?
4
Suppose -12 + 4 = -4*n. What is the units digit of n + (1 - -4*1)?
7
Let n(o) = -o + 4. Let l be n(0). Suppose 20 = 8*q - l*q. Suppose 3 = y - q. What is the units digit of y?
8
Suppose 0 = -5*g + 7*y - 3*y + 5, 2*y = -4*g + 30. Let t = 10 - g. What is the units digit of t?
5
Suppose 0*a - 3*a = -6, -f + 3*a = 4. Let j be 1 + -1 + -8 + f. Let s(c) = -2*c - 1. What is the units digit of s(j)?
1
Let x = 110 - 73. What is the tens digit of x?
3
Let m(w) = -w - 13. Let x be (-32)/3*(-6)/(-4). What is the units digit of m(x)?
3
Suppose 0 = 5*n, -s = 4*s - 2*n - 20. Suppose -s*j = 5*v + 9, j - v + 2*v + 1 = 0. What is the units digit of j/(-8)*(-8 - 2)?
5
Suppose f + 78 = 2*p + 4*f, -46 = -2*p + 5*f. What is the tens digit of p?
3
Let n(h) be the third derivative of h**4/24 - 11*h**3/6 + 4*h**2. Let u be n(8). What is the units digit of (u/(-1) - 2)*17?
7
Suppose 5*r - 13 = 177. Suppose -2*a + q = -42, -4*a = -5*q - 52 - r. Suppose -2*v - a = -4*v. What is the tens digit of v?
1
Let l = -15 - -67. What is the tens digit of l?
5
Suppose 51 = -2*j + 3*j. What is the units digit of j?
1
Let p be 14/(-14) - (-11 + 0). Suppose -2*x = -0*x - p. What is the units digit of x?
5
Let k(t) = 4*t**2 + 7*t + 4. What is the tens digit of k(-4)?
4
Let z = -96 + 195. What is the units digit of z?
9
Let d(k) = k**2 - 5*k + 2. Suppose -5*y + 7 = 3*t, 1 = -t - 3*y - 2*y. Let j be d(t). What is the units digit of (-1)/j*(-2 + 24)?
1
Let g = 91 - -47. What is the hundreds digit of g?
1
Suppose 0 = -2*c - 0*c + 48. What is the tens digit of c?
2
Let u(h) = -h - 8. Suppose 7*o - 15 = 4*o. Suppose -5*w = 5*i + 75, 9 = -i + 2*i - o*w. What is the units digit of u(i)?
3
Suppose -27 = -3*w - r, -5*w + 2*r - 11 = -45. Suppose -4*f + 20 = -5*h + 2, 5*h = -f - w. What is the units digit of (16/(-5))/f*-5?
8
Let n be 6/9*(-36)/(-3)